2*a - 8, -3*i + 3*a - 20 = i. Let v be (-3 - (1 + i)) + -4. What is z(v)?
0
Suppose -17 = -2*w + 1. Let a = 4 - w. Let k(z) be the first derivative of -z**3/3 - z**2 + 7*z - 1. Give k(a).
-8
Let t(y) be the third derivative of -y**5/60 + y**4/6 - y**2. Suppose 7 + 1 = 2*b + j, -5*b = 3*j - 20. What is t(b)?
0
Let y(r) = -r + 11. Let q be (0/(4 + -2))/2. Calculate y(q).
11
Let h(m) be the third derivative of 0*m + 0 - 1/12*m**4 + 3*m**2 - 1/6*m**3. Let y = -1 - -2. Give h(y).
-3
Let b be (-4)/26 - (-2 - 50/(-13)). Let l(r) be the second derivative of 0 - r + 1/2*r**2 - 1/6*r**3. What is l(b)?
3
Let v(q) = 4*q**3 + 2*q**2 - q. Let n(j) = -j**3 + 4*j**2 + 6*j - 4. Let w be 38/8 - (-5)/20. Let u be n(w). Determine v(u).
5
Let u(b) be the first derivative of b**4/4 + 4*b**3/3 + b**2/2 - 3*b + 31. Suppose 0*g - 16 = 4*g. Determine u(g).
-7
Let k(i) = 23 - i - 18 - 13. Let j(s) = 2*s. Let v be j(-3). What is k(v)?
-2
Let n = -13 + 14. Let v(o) = -9*o**3 + o**2. Determine v(n).
-8
Let z(r) = -35*r**3 - 11*r**2 + 5*r + 11. Let f(p) = 7*p**3 + 2*p**2 - p - 2. Let t(n) = 11*f(n) + 2*z(n). Calculate t(-1).
-6
Suppose 3*f + 0 = -9. Let x(n) = 6*n + 1. What is x(f)?
-17
Let u(d) = 0 + 0 + 8 - 1 + 5*d. Let v(y) = y. Let r(z) = -u(z) + 4*v(z). Give r(-5).
-2
Let l(q) = 2*q - 6. Let d be l(4). Suppose -d*o + 4*n + 18 = 0, -5*n - 21 = o - 9. Let x(z) = -z**2 + 5*z - 4. What is x(o)?
2
Let x(j) = -j**3 - 6*j**2 - j - 5. Let d = 19 + -25. Determine x(d).
1
Let q be (-6)/(-21) + (-24)/(-14). Let v(b) = b - 1 + 1 - q. Determine v(-2).
-4
Suppose -3*t = -1 - 2. Let i(h) be the third derivative of -7*h**4/24 - 6*h**2. Determine i(t).
-7
Let p(i) be the third derivative of i**5/60 + 5*i**4/24 - 5*i**2 + 7. What is p(-5)?
0
Let i = -24 + 17. Let n(v) = v**2 + 6*v + 2. Give n(i).
9
Suppose 0 = 2*z - 4*z + 8. Suppose -j - j - 3*k = z, 5*j + 1 = -3*k. Let b(o) = 4*o**3 - o. Give b(j).
3
Let i be (-4 - -5)/(5*4). Let c(t) be the second derivative of 0 + t**2 + t + 1/6*t**4 + i*t**5 + 0*t**3. Give c(-2).
2
Suppose 0*t - 6 = -2*t. Let u(f) be the first derivative of 2 + 3/2*f**2 - 4/3*f**3 + f + 1/4*f**4. Give u(t).
1
Let x(a) be the third derivative of a**7/2520 - a**6/180 - a**5/20 - 2*a**2. Let b(g) be the third derivative of x(g). Calculate b(3).
2
Let h(o) = -o. Let r(d) = -4*d + 1. Let m(x) = -5*h(x) - r(x). Let l be (-4)/(-14) - 27/21. What is m(l)?
-10
Suppose 4*u - 5*v - 8 - 11 = 0, v + 6 = 3*u. Let p(x) = 24*x**2 - 1. What is p(u)?
23
Let q(z) = -20*z**3 - 14*z**2 + 12*z + 8. Let v(i) = 7*i**3 + 5*i**2 - 4*i - 3. Let t(k) = 6*q(k) + 17*v(k). Calculate t(2).
1
Let i be (-115)/15 + (-2)/(-3). Let f = i - -14. Let j(v) = v**3 - 7*v**2 + v - 7. Calculate j(f).
0
Let c(z) = z**2 - 6*z - 4. Let h be (0 - -1) + (-5)/5. Suppose h = -4*p - 2 + 30. Determine c(p).
3
Suppose -2*l + 0*l = 5*p - 10, -3*p = l - 6. Let a(x) = 0 + 5*x**p + 6*x - 7*x**3 + 4 + 6*x**3. Calculate a(6).
4
Let a(y) = -2*y**2 + 4*y**2 - 3*y**2 + 5 - y**3. Let p be a(0). Suppose 2*n + 9 = 4*f + n, 0 = -n - p. Let h(v) = -2*v**3 + v**2. Determine h(f).
-1
Let g(t) be the third derivative of -t**6/20 + t**3/6 + 3*t**2. Give g(1).
-5
Let n = -2 - -4. Let a = -10 - -11. Let t = a - n. Let c(v) = -6*v**2 + v + 1. Determine c(t).
-6
Let c(i) be the first derivative of -i**4/4 - 4*i**3/3 + 5*i**2/2 - 4*i - 2. Suppose 4*n - 69 = 5*l - 6, 3*l + n = -48. Let h = l - -10. Give c(h).
-4
Let o(l) be the first derivative of 5*l - 1/2*l**2 + 1. Let j(a) = -a**2 - 6*a - 1. Let r be j(-5). Determine o(r).
1
Let k(y) be the first derivative of 3*y**2/2 - 6*y - 35. Give k(4).
6
Let t(b) = 11*b**2 + 8*b + 9. Let q(s) = -s**2 + s + 1. Let r(g) = -13*g**2 - 15*g - 16. Let f(o) = 3*q(o) + r(o). Let x(h) = 5*f(h) + 7*t(h). Calculate x(-2).
-6
Let c(a) = -2*a - 13. Let k(m) = 2*m + 13. Let n(j) = -4*c(j) - 5*k(j). Let q(o) = -o - 7. Let i(z) = -3*n(z) + 7*q(z). Calculate i(0).
-10
Let r(x) = x + 2. Let l be r(0). Let p(q) = -2 + 0 + l*q - q + 0*q + q**2. Determine p(2).
4
Let c(x) be the third derivative of 0*x + 1/4*x**4 + x**3 - 3*x**2 + 0 - 1/60*x**5. Calculate c(6).
6
Let c(l) = -11*l - 7. Let k be c(-1). Let w(h) = -2*h + 2. Give w(k).
-6
Let r(y) be the third derivative of -y**5/60 + y**4/24 - 2*y**3/3 + 2*y**2. Let k(o) = 2*o**3 - 3*o**2 - 2*o + 3. Let t be k(2). Determine r(t).
-10
Let t(r) = 1 - 1 - r**2 + 0*r**2 + 4*r. What is t(3)?
3
Let n be ((-16)/(-6))/(2/3). Suppose 5*q - 33 = 3*w, 0 = q + w - n*w - 9. Let g(f) = -f**3 + 5*f**2 + 6*f + 4. Determine g(q).
4
Let o(i) = -163*i**3 - i - 2 + 4 + 2*i**2 + 162*i**3. Let j be 6*(-4)/(-4 + -4). Give o(j).
-10
Let b(c) = -4*c**2 + c**2 + 4*c - 2*c + 2*c**2 + 9. Let i(j) = -2*j**2 + 4*j + 19. Let w(s) = -13*b(s) + 6*i(s). Let o = 3 + 0. What is w(o)?
0
Let c(g) = g**3 + g. Let t(r) = -2*r**2 + 5*r - 2. Let y be t(2). Calculate c(y).
0
Let d(k) = -k**3 - 4*k**2 - 3*k - 1. Let r be 54/(-14) + -3*2/42. What is d(r)?
11
Let a(c) = -2*c + 5. Let p(f) = 2*f - 4. Let w(v) = 4*a(v) + 5*p(v). Let o be 7 + (-3)/(3*-1). Suppose 3*n = -3*h - 13 - o, n - 4*h = 18. Calculate w(n).
-4
Let b(f) = f**2 + 6*f + 5. Suppose 3*h + 2*l + 28 = -2*h, -4*h - 36 = 5*l. Calculate b(h).
-3
Let k(z) be the first derivative of z**2/2 + 10*z + 48. Let i be 0/2 - (-1 - -1). Calculate k(i).
10
Suppose 4*z + 71 = 15. Let g = -10 - z. Let p(f) = -f**2 + 7*f - 6. What is p(g)?
6
Suppose -74 + 75 = p. Let f(i) = 6*i**2 + i. Calculate f(p).
7
Let l(p) = -2*p**3 - p**2 + 3*p + 1. Let f(v) = v**2 + 9*v + 8. Let r be f(-7). Let h(j) = j + 4. Let d be h(r). Give l(d).
7
Let z(t) = t**3 + 2*t**2 + 2*t - 1. Let b(p) = 2*p**3 + 2*p**2 + 2*p - 1. Let j(n) = -4*b(n) + 5*z(n). Suppose -4*a + 7 = -1. Give j(a).
-13
Suppose 2 = -z, 5*k - 3*z + 2*z - 32 = 0. Let h(r) = -r**2 + 7*r - 7. Calculate h(k).
-1
Let o(w) be the first derivative of -3*w**2/2 + 3*w - 2. Suppose 3*h - 4 = 2*h. Let l(y) = 3*y - 4. Let v(d) = h*l(d) + 5*o(d). What is v(-2)?
5
Let z(j) = -2*j + 4*j + 13 - 3*j. Give z(6).
7
Let x(y) = 11. Let o(s) = s + 2. Let k(c) = 6*o(c) - x(c). Determine k(-1).
-5
Let j be (4 - -2) + -1 + 4. Let f(n) = n**3 - 10*n**2 + 9*n + 4. Let w be f(j). Let m(r) = -w*r + 5*r + 4*r - 4*r**2 - 3 + r**2 + r**3. Calculate m(3).
12
Let p be (16/10)/(-4)*-10. Let w(l) = -3*l**3 - 3*l**2 + l + 1. Let f(t) = 8*t**3 + 9*t**2 - 3*t - 3. Let z(a) = p*f(a) + 11*w(a). Calculate z(2).
1
Let l(v) = -2*v**3 + v**2 - v - 1. Suppose 0 = 5*i - q + 8, -5*i + 0*i - q - 2 = 0. Give l(i).
3
Suppose 2*n + 4*z = n + 14, -2*n = -5*z + 37. Let u(d) = -d**3 - 6*d**2 - 6*d + 1. Let b be u(-5). Let s(w) = 2 - w**2 + b*w + 2*w**2 + 0*w**2. Calculate s(n).
2
Let p(f) = -f + 3. Let m be p(0). Let d(g) = 3*g**2 - 5*g + 2. Calculate d(m).
14
Let y(z) = -z**3 + 16*z**2 + 1. Let r be y(16). Let d(q) = 4*q**2 + q - 1. Give d(r).
4
Let o(z) be the second derivative of 2*z + 1/40*z**5 + 0*z**2 + 0 + 0*z**3 + 1/6*z**4 - 1/720*z**6. Let k(i) be the third derivative of o(i). Calculate k(4).
-1
Let p(y) = -2*y - 10. Let c be p(-7). Let n(h) = -3 - 6*h + c*h + 1. Give n(-3).
4
Let b(h) = -h - 2. Let g = -55 + 49. Give b(g).
4
Suppose 28 = 4*i + 3*d, -2*i - d = -6*i + 12. Suppose 2*k - 4 = -0. Let g(s) = -3*s + s**2 + 3 - 1 - k*s. What is g(i)?
-2
Let l = 7 - 11. Let n(c) = -c**3 - 3*c**2 + 3*c + 1. Determine n(l).
5
Let f(z) = z**3 + 7*z**2 + 6*z + 1. Let p be f(-6). Let l(w) = -11*w**2 + w. Give l(p).
-10
Suppose -h + 2*a = 6, -2*h - a = -3 - 5. Let m(r) = -r + 6*r**3 - 3*r**3 + r**2 - 3*r**3 - 1 + r**3. Determine m(h).
9
Let t(q) = -13*q. Suppose 5*f + 0*s = 2*s + 1, -2*f + s + 1 = 0. What is t(f)?
13
Let v(x) = -x**2 - 1. Suppose o = 5*m + 27, -4*o = -0*o - 3*m - 23. Let y(c) = -4*c**2 + 2*c - 1. Let l(w) = o*v(w) - y(w). Determine l(2).
3
Let q(i) = -i**2 - 6*i - 4. Suppose -3*h + 3*o - 22 = 5*o, -2*h + 5*o + 17 = 0. Calculate q(h).
4
Let u(w) be the first derivative of w**4/4 + 4*w**3/3 - w**2 - 2. Determine u(-4).
8
Let q = 4 - 6. Let g be (-2)/(-3) + q/(-6). Let h(p) = -1 + 1 - g - p**3. What is h(1)?
-2
Let v(a) be the second derivative of 7*a**4/24 + 3*a**2/2 + 5*a. Let y(x) be the first derivative of v(x). Calculate y(1).
7
Let x(b) = -2 - 4*b - b**2 + 3*b + 4*b. Let r be (-9 + 6)/((-2)/2). Calculate x(r).
-2
Let r(z) = z + 1. Let j be r(5). Let c(h) = h**2 - 